culate the remainder when 4903146 is divided by 358.
336
Calculate the remainder when 48463672 is divided by 477.
472
What is the remainder when 103872 is divided by 1376?
672
Calculate the remainder when 2444268 is divided by 52.
8
What is the remainder when 65845170 is divided by 2194839?
0
What is the remainder when 111718 is divided by 18571?
292
Calculate the remainder when 1769547 is divided by 663.
0
Calculate the remainder when 173402123 is divided by 243.
239
Calculate the remainder when 20927 is divided by 118.
41
What is the remainder when 134608537 is divided by 38?
35
Calculate the remainder when 606904 is divided by 479.
11
What is the remainder when 26325848 is divided by 1283?
1254
What is the remainder when 3583618 is divided by 26?
12
Calculate the remainder when 620703 is divided by 44.
39
Calculate the remainder when 853909 is divided by 1440.
1429
What is the remainder when 115702234 is divided by 897?
895
Calculate the remainder when 2652531 is divided by 884150.
81
What is the remainder when 66378017 is divided by 69?
17
Calculate the remainder when 149346 is divided by 632.
194
What is the remainder when 296270 is divided by 52?
26
What is the remainder when 29318 is divided by 625?
568
What is the remainder when 1495104 is divided by 609?
9
Calculate the remainder when 13956088 is divided by 534.
532
Calculate the remainder when 133282 is divided by 2834.
84
What is the remainder when 534000 is divided by 1800?
1200
Calculate the remainder when 80736910 is divided by 46.
10
Calculate the remainder when 47396724 is divided by 4696.
4692
Calculate the remainder when 29265 is divided by 294.
159
What is the remainder when 1450399 is divided by 21?
13
What is the remainder when 140922350 is divided by 116081?
16
What is the remainder when 6568148 is divided by 501?
38
Calculate the remainder when 3914229 is divided by 652370.
9
What is the remainder when 51227498 is divided by 155?
153
What is the remainder when 318161 is divided by 10824?
4265
What is the remainder when 402219 is divided by 3192?
27
What is the remainder when 616794 is divided by 68?
34
Calculate the remainder when 15337221 is divided by 435.
426
Calculate the remainder when 29319519 is divided by 25.
19
Calculate the remainder when 9613009 is divided by 5182.
399
Calculate the remainder when 21591163 is divided by 5826.
7
What is the remainder when 551663 is divided by 551617?
46
Calculate the remainder when 264445 is divided by 131256.
1933
Calculate the remainder when 175424 is divided by 15945.
29
What is the remainder when 2303902 is divided by 18?
10
What is the remainder when 19052017 is divided by 3810402?
7
What is the remainder when 18075581 is divided by 22?
7
Calculate the remainder when 110624 is divided by 17918.
3116
Calculate the remainder when 85527 is divided by 27189.
3960
What is the remainder when 17968876 is divided by 1056990?
46
Calculate the remainder when 55691386 is divided by 1622.
16
What is the remainder when 211282 is divided by 1026?
952
Calculate the remainder when 153679708 is divided by 58.
8
What is the remainder when 12025045 is divided by 10046?
10029
What is the remainder when 4686984 is divided by 1562327?
3
Calculate the remainder when 1300162743 is divided by 791.
789
Calculate the remainder when 3394151 is divided by 1102.
1093
Calculate the remainder when 408983 is divided by 581.
540
What is the remainder when 12557335 is divided by 4185778?
1
What is the remainder when 1334940 is divided by 171?
114
Calculate the remainder when 300968 is divided by 50158.
20
Calculate the remainder when 163332 is divided by 81475.
382
What is the remainder when 3654232 is divided by 553?
8
What is the remainder when 136582 is divided by 225?
7
Calculate the remainder when 4097856 is divided by 34.
6
What is the remainder when 100468 is divided by 111?
13
What is the remainder when 6815309 is divided by 1718?
3
Calculate the remainder when 1413426 is divided by 322.
168
What is the remainder when 632230 is divided by 560?
550
Calculate the remainder when 361124 is divided by 2203.
2035
Calculate the remainder when 16570439 is divided by 101.
76
What is the remainder when 4170770 is divided by 240?
50
Calculate the remainder when 246835 is divided by 378.
1
What is the remainder when 2740833 is divided by 2005?
2003
Calculate the remainder when 1131444 is divided by 565322.
800
Calculate the remainder when 279828 is divided by 5949.
225
Calculate the remainder when 62382 is divided by 1006.
10
What is the remainder when 579880 is divided by 1362?
1030
What is the remainder when 894015 is divided by 178801?
10
Calculate the remainder when 16309579 is divided by 15214.
171
What is the remainder when 7574201 is divided by 1893549?
5
Calculate the remainder when 97573 is divided by 104.
21
What is the remainder when 196345946 is divided by 281?
6
What is the remainder when 4341474 is divided by 253?
247
What is the remainder when 108215 is divided by 48?
23
Calculate the remainder when 1713851 is divided by 139.
120
Calculate the remainder when 126395318 is divided by 1831816.
14
Calculate the remainder when 777708 is divided by 2055.
918
What is the remainder when 3008777 is divided by 1343?
457
Calculate the remainder when 2106666 is divided by 6542.
142
Calculate the remainder when 9555180 is divided by 9555150.
30
What is the remainder when 27234 is divided by 6801?
30
Calculate the remainder when 342021 is divided by 67952.
2261
What is the remainder when 4232279805 is divided by 3392?
3389
What is the remainder when 143793665 is divided by 526?
519
Calculate the remainder when 8965278 is divided by 39.
36
Calculate the remainder when 4881226 is divided by 46933.
194
Calculate the remainder when 4380 is divided by 207.
33
Calculate the remainder when 162546 is divided by 81270.
6
What is the remainder when 878163103 is divided by 5144?
5143
Calculate the remainder when 684550 is divided by 17979.
1348
Calculate the remainder when 17459101 is divided by 29.
28
Calculate the remainder when 1104216 is divided by 184033.
18
Calculate the remainder when 109663 is divided by 289.
132
Calculate the remainder when 58301 is divided by 1356.
1349
Calculate the remainder when 165808 is divided by 13214.
7240
What is the remainder when 260535124 is divided by 475?
474
What is the remainder when 2292311 is divided by 58775?
86
What is the remainder when 9641 is divided by 9462?
179
Calculate the remainder when 228160 is divided by 4137.
625
What is the remainder when 14521 is divided by 3381?
997
Calculate the remainder when 757596 is divided by 796.
600
Calculate the remainder when 765159 is divided by 9934.
241
Calculate the remainder when 32603 is divided by 16271.
61
Calculate the remainder when 635601 is divided by 1597.
1592
Calculate the remainder when 3826642 is divided by 1913202.
238
What is the remainder when 272742 is divided by 11350?
342
Calculate the remainder when 10434279 is divided by 10658.
97
Calculate the remainder when 827508 is divided by 275829.
21
Calculate the remainder when 208309 is divided by 124.
113
Calculate the remainder when 29509552 is divided by 2439.
91
What is the remainder when 13278359 is divided by 3322?
325
What is the remainder when 707756 is divided by 176917?
88
What is the remainder when 885621 is divided by 88556?
61
Calculate the remainder when 106605 is divided by 5577.
642
Calculate the remainder when 46206 is divided by 33.
6
Calculate the remainder when 413138 is divided by 82625.
13
What is the remainder when 33318 is divided by 27592?
5726
Calculate the remainder when 236828 is divided by 76630.
6938
Calculate the remainder when 8060129 is divided by 30.
29
What is the remainder when 6329853 is divided by 30?
3
What is the remainder when 4986756 is divided by 128?
4
What is the remainder when 9665922 is divided by 13?
6
What is the remainder when 144333 is divided by 601?
93
Calculate the remainder when 2825164 is divided by 44843.
55
Calculate the remainder when 33265 is divided by 2211.
100
Calculate the remainder when 7858166 is divided by 1309692.
14
Calculate the remainder when 41882 is divided by 10318.
610
What is the remainder when 3565117 is divided by 772?
21
Calculate the